y 891?
20
What is the remainder when 20985 is divided by 676?
29
What is the remainder when 12220 is divided by 12002?
218
Calculate the remainder when 15967 is divided by 2658.
19
Calculate the remainder when 14110 is divided by 38.
12
Calculate the remainder when 10392 is divided by 1578.
924
Calculate the remainder when 11175 is divided by 138.
135
Calculate the remainder when 51520 is divided by 57.
49
Calculate the remainder when 3991 is divided by 222.
217
Calculate the remainder when 103885 is divided by 490.
5
Calculate the remainder when 2449 is divided by 88.
73
Calculate the remainder when 200463 is divided by 144.
15
Calculate the remainder when 2478 is divided by 26.
8
What is the remainder when 3006 is divided by 428?
10
What is the remainder when 26636 is divided by 62?
38
What is the remainder when 19947 is divided by 4981?
23
What is the remainder when 635 is divided by 192?
59
What is the remainder when 24019 is divided by 77?
72
Calculate the remainder when 65461 is divided by 121.
0
What is the remainder when 122040 is divided by 17?
14
Calculate the remainder when 1635 is divided by 25.
10
Calculate the remainder when 122533 is divided by 17.
14
What is the remainder when 535105 is divided by 107?
105
Calculate the remainder when 663659 is divided by 5.
4
What is the remainder when 44601 is divided by 29?
28
Calculate the remainder when 306787 is divided by 18.
13
Calculate the remainder when 2906 is divided by 305.
161
Calculate the remainder when 46046 is divided by 414.
92
Calculate the remainder when 796360 is divided by 143.
136
Calculate the remainder when 2269 is divided by 370.
49
What is the remainder when 261389 is divided by 74?
21
Calculate the remainder when 2034 is divided by 357.
249
Calculate the remainder when 1298 is divided by 67.
25
What is the remainder when 5038 is divided by 1122?
550
What is the remainder when 50186 is divided by 3?
2
What is the remainder when 1534961 is divided by 66?
65
Calculate the remainder when 30144 is divided by 615.
9
Calculate the remainder when 9783 is divided by 1602.
171
Calculate the remainder when 331 is divided by 323.
8
Calculate the remainder when 292980 is divided by 292966.
14
What is the remainder when 2382 is divided by 46?
36
Calculate the remainder when 25649 is divided by 33.
8
What is the remainder when 134654 is divided by 235?
234
What is the remainder when 78870 is divided by 61?
58
Calculate the remainder when 25947 is divided by 73.
32
What is the remainder when 436235 is divided by 280?
275
Calculate the remainder when 12403 is divided by 66.
61
What is the remainder when 34179 is divided by 4881?
12
Calculate the remainder when 12969 is divided by 135.
9
Calculate the remainder when 4859 is divided by 81.
80
What is the remainder when 4439 is divided by 13?
6
Calculate the remainder when 12801 is divided by 140.
61
What is the remainder when 148130 is divided by 116?
114
What is the remainder when 384 is divided by 137?
110
Calculate the remainder when 32560 is divided by 51.
22
What is the remainder when 1414541 is divided by 15?
11
What is the remainder when 24007 is divided by 2399?
17
What is the remainder when 570 is divided by 58?
48
What is the remainder when 40866 is divided by 3?
0
What is the remainder when 1983 is divided by 468?
111
What is the remainder when 4039 is divided by 92?
83
What is the remainder when 4458 is divided by 2146?
166
What is the remainder when 37363 is divided by 6225?
13
Calculate the remainder when 26555 is divided by 739.
690
What is the remainder when 3343094 is divided by 184?
182
What is the remainder when 15750 is divided by 3?
0
What is the remainder when 1988 is divided by 74?
64
What is the remainder when 337018 is divided by 14?
10
Calculate the remainder when 96244 is divided by 9.
7
What is the remainder when 139859 is divided by 387?
152
What is the remainder when 5702904 is divided by 221?
220
Calculate the remainder when 74240 is divided by 128.
0
Calculate the remainder when 17507 is divided by 8746.
15
Calculate the remainder when 5691 is divided by 1871.
78
What is the remainder when 2431 is divided by 392?
79
What is the remainder when 246327 is divided by 42?
39
Calculate the remainder when 57461 is divided by 157.
156
Calculate the remainder when 18033 is divided by 8931.
171
Calculate the remainder when 8399 is divided by 2296.
1511
Calculate the remainder when 14199 is divided by 71.
70
Calculate the remainder when 75004 is divided by 1875.
4
Calculate the remainder when 38927 is divided by 85.
82
Calculate the remainder when 11440 is divided by 929.
292
Calculate the remainder when 28521 is divided by 290.
101
Calculate the remainder when 4020888 is divided by 38.
32
Calculate the remainder when 495006 is divided by 1482.
18
What is the remainder when 885 is divided by 475?
410
Calculate the remainder when 474646 is divided by 24.
22
Calculate the remainder when 583864 is divided by 978.
976
Calculate the remainder when 1723017 is divided by 390.
387
What is the remainder when 15495 is divided by 66?
51
Calculate the remainder when 13511 is divided by 3347.
123
What is the remainder when 7356 is divided by 950?
706
What is the remainder when 269993 is divided by 89996?
5
Calculate the remainder when 58914 is divided by 442.
128
What is the remainder when 68416 is divided by 24?
16
What is the remainder when 47796 is divided by 115?
71
What is the remainder when 5407 is divided by 1778?
73
What is the remainder when 42340 is divided by 13?
12
Calculate the remainder when 74798 is divided by 200.
198
Calculate the remainder when 567 is divided by 59.
36
Calculate the remainder when 83889 is divided by 166.
59
Calculate the remainder when 955251 is divided by 2269.
2
What is the remainder when 19634 is divided by 42?
20
Calculate the remainder when 5209 is divided by 441.
358
Calculate the remainder when 325718 is divided by 27.
17
What is the remainder when 15908 is divided by 3961?
64
What is the remainder when 59274 is divided by 17?
12
Calculate the remainder when 8857495 is divided by 1313.
1310
Calculate the remainder when 5438 is divided by 602.
20
Calculate the remainder when 193431 is divided by 309.
306
Calculate the remainder when 8459 is divided by 1052.
43
What is the remainder when 555663 is divided by 1079?
1057
Calculate the remainder when 600610 is divided by 149.
140
What is the remainder when 12312 is divided by 6141?
30
Calculate the remainder when 79323 is divided by 22.
13
What is the remainder when 867 is divided by 260?
87
What is the remainder when 2748309 is divided by 588?
585
Calculate the remainder when 1452 is divided by 60.
12
What is the remainder when 250801 is divided by 189?
187
Calculate the remainder when 52419 is divided by 1344.
3
Calculate the remainder when 176069 is divided by 746.
13
What is the remainder when 7927 is divided by 78?
49
Calculate the remainder when 1543 is divided by 565.
413
What is the remainder when 35255 is divided by 17568?
119
What is the remainder when 4106 is divided by 409?
16
What is the remainder when 1064 is divided by 256?
40
What is the remainder when 73250 is divided by 139?
136
Calculate the remainder when 550769 is divided by 13.
11
What is the remainder when 18999 is divided by 83?
75
What is the remainder when 3959 is divided by 236?
183
What is the remainder when 92127 is divided by 2000?
127
What is the remainder when 12534 is divided by 4170?
24
What is the remainder when 465 is divided by 25?
15
What is the remainder when 6718433 is divided by 6?
5
What is the remainder when 3077 is divided by 3046?
31
What is the remainder when 8554 is divided by 35?
14
Calculate the remainder when 10737 is divided by 768.
753
Calculate the remainder when 2113 is divided by 346.
37
What is the remainder when 19770 is divided by 53?
1
What is the remainder when 5675 is divided by 11?
10
Calculate the remainder when 233653 is divided by 139.
133
What is the remainder when 827367 is divided by 261?
258
What is the remainder when 45421 is divided by 11234?
485
What is the remainder when 125896 is divided by 24?
16
What is the remainder when 40976 is divided by 44?
12
What is the remainder when 5040 is divided by 281?
263
Calcul